{"id":88218,"date":"2023-11-15T08:55:50","date_gmt":"2023-11-15T13:55:50","guid":{"rendered":"https:\/\/www.imsalud.gov.co\/web\/?page_id=88218"},"modified":"2023-11-15T08:57:00","modified_gmt":"2023-11-15T13:57:00","slug":"atencion-al-usuario-educacion-consejeria-para-la-practica-de-relaciones-sexuales-seguras-a-usuarias-asistentes-al-servicio-de-citologia","status":"publish","type":"page","link":"https:\/\/www.imsalud.gov.co\/web\/atencion-al-usuario-educacion-consejeria-para-la-practica-de-relaciones-sexuales-seguras-a-usuarias-asistentes-al-servicio-de-citologia\/","title":{"rendered":"Consejer\u00eda para la Pr\u00e1ctica de Relaciones Sexuales seguras a Usuarias Asistentes al Servicio de Citolog\u00eda"},"content":{"rendered":"<div class=\"_df_book df-container df-loading \" id=\"df_88215\"  wpoptions=\"true\" ><\/div><script data-cfasync=\"false\">var option_df_88215 = {\"outline\":[],\"forceFit\":\"true\",\"autoEnableOutline\":\"false\",\"autoEnableThumbnail\":\"false\",\"overwritePDFOutline\":\"false\",\"direction\":\"1\",\"pageMode\":\"0\",\"source\":\"https:\\\/\\\/www.imsalud.gov.co\\\/web\\\/wp-content\\\/uploads\\\/2023\\\/11\\\/RELACIONES-SEXUALES-SEGURAS-F1.pdf\",\"wpOptions\":\"true\"}; if(window.DFLIP && DFLIP.parseBooks){DFLIP.parseBooks();}<\/script>\n","protected":false},"excerpt":{"rendered":"","protected":false},"author":19,"featured_media":0,"parent":0,"menu_order":0,"comment_status":"closed","ping_status":"closed","template":"","meta":{"footnotes":""},"class_list":["post-88218","page","type-page","status-publish","hentry"],"_links":{"self":[{"href":"https:\/\/www.imsalud.gov.co\/web\/wp-json\/wp\/v2\/pages\/88218","targetHints":{"allow":["GET"]}}],"collection":[{"href":"https:\/\/www.imsalud.gov.co\/web\/wp-json\/wp\/v2\/pages"}],"about":[{"href":"https:\/\/www.imsalud.gov.co\/web\/wp-json\/wp\/v2\/types\/page"}],"author":[{"embeddable":true,"href":"https:\/\/www.imsalud.gov.co\/web\/wp-json\/wp\/v2\/users\/19"}],"replies":[{"embeddable":true,"href":"https:\/\/www.imsalud.gov.co\/web\/wp-json\/wp\/v2\/comments?post=88218"}],"version-history":[{"count":1,"href":"https:\/\/www.imsalud.gov.co\/web\/wp-json\/wp\/v2\/pages\/88218\/revisions"}],"predecessor-version":[{"id":88219,"href":"https:\/\/www.imsalud.gov.co\/web\/wp-json\/wp\/v2\/pages\/88218\/revisions\/88219"}],"wp:attachment":[{"href":"https:\/\/www.imsalud.gov.co\/web\/wp-json\/wp\/v2\/media?parent=88218"}],"curies":[{"name":"wp","href":"https:\/\/api.w.org\/{rel}","templated":true}]}}