{"id":80283,"date":"2023-07-27T11:07:14","date_gmt":"2023-07-27T16:07:14","guid":{"rendered":"https:\/\/www.imsalud.gov.co\/web\/?page_id=80283"},"modified":"2023-07-27T11:07:14","modified_gmt":"2023-07-27T16:07:14","slug":"efectividad-de-las-medidas-no-farmacologicas-para-el-manejo-del-dolor-durante-la-inmunizacion-en-ninas-y-ninos-bajo-la-teoria-del-confort-de-katherine-kolcaba","status":"publish","type":"page","link":"https:\/\/www.imsalud.gov.co\/web\/efectividad-de-las-medidas-no-farmacologicas-para-el-manejo-del-dolor-durante-la-inmunizacion-en-ninas-y-ninos-bajo-la-teoria-del-confort-de-katherine-kolcaba\/","title":{"rendered":"Efectividad De Las Medidas No Farmacol\u00f3gicas Para El Manejo Del Dolor Durante La Inmunizaci\u00f3n En Ni\u00f1as Y Ni\u00f1os; Bajo La Teor\u00eda Del Confort De Katherine Kolcaba"},"content":{"rendered":"<div class=\"_df_book df-container df-loading \" id=\"df_80281\"  wpoptions=\"true\" ><\/div><script data-cfasync=\"false\">var option_df_80281 = {\"outline\":[],\"forceFit\":\"true\",\"autoEnableOutline\":\"false\",\"autoEnableThumbnail\":\"false\",\"overwritePDFOutline\":\"false\",\"direction\":\"1\",\"pageMode\":\"0\",\"source\":\"https:\\\/\\\/www.imsalud.gov.co\\\/web\\\/wp-content\\\/uploads\\\/2023\\\/07\\\/EFECTIVIDAD-DE-MEDIAS-NO-FARMARCOLOGICAS-EN-EL-DOLOR.pdf\",\"wpOptions\":\"true\"}; if(window.DFLIP && DFLIP.parseBooks){DFLIP.parseBooks();}<\/script>\n","protected":false},"excerpt":{"rendered":"","protected":false},"author":19,"featured_media":0,"parent":0,"menu_order":0,"comment_status":"closed","ping_status":"closed","template":"","meta":{"footnotes":""},"class_list":["post-80283","page","type-page","status-publish","hentry"],"_links":{"self":[{"href":"https:\/\/www.imsalud.gov.co\/web\/wp-json\/wp\/v2\/pages\/80283","targetHints":{"allow":["GET"]}}],"collection":[{"href":"https:\/\/www.imsalud.gov.co\/web\/wp-json\/wp\/v2\/pages"}],"about":[{"href":"https:\/\/www.imsalud.gov.co\/web\/wp-json\/wp\/v2\/types\/page"}],"author":[{"embeddable":true,"href":"https:\/\/www.imsalud.gov.co\/web\/wp-json\/wp\/v2\/users\/19"}],"replies":[{"embeddable":true,"href":"https:\/\/www.imsalud.gov.co\/web\/wp-json\/wp\/v2\/comments?post=80283"}],"version-history":[{"count":1,"href":"https:\/\/www.imsalud.gov.co\/web\/wp-json\/wp\/v2\/pages\/80283\/revisions"}],"predecessor-version":[{"id":80284,"href":"https:\/\/www.imsalud.gov.co\/web\/wp-json\/wp\/v2\/pages\/80283\/revisions\/80284"}],"wp:attachment":[{"href":"https:\/\/www.imsalud.gov.co\/web\/wp-json\/wp\/v2\/media?parent=80283"}],"curies":[{"name":"wp","href":"https:\/\/api.w.org\/{rel}","templated":true}]}}