{"id":77719,"date":"2023-06-09T08:06:42","date_gmt":"2023-06-09T13:06:42","guid":{"rendered":"https:\/\/www.imsalud.gov.co\/web\/?page_id=77719"},"modified":"2023-06-09T08:06:42","modified_gmt":"2023-06-09T13:06:42","slug":"citologia-como-medio-de-deteccion-temprana-del-cancer-de-cuello-uterino","status":"publish","type":"page","link":"https:\/\/www.imsalud.gov.co\/web\/citologia-como-medio-de-deteccion-temprana-del-cancer-de-cuello-uterino\/","title":{"rendered":"Citolog\u00eda Como Medio De Detecci\u00f3n Temprana Del C\u00e1ncer De Cuello Uterino"},"content":{"rendered":"<div class=\"_df_book df-container df-loading \" id=\"df_77720\"  wpoptions=\"true\" ><\/div><script data-cfasync=\"false\">var option_df_77720 = {\"outline\":[],\"forceFit\":\"true\",\"autoEnableOutline\":\"false\",\"autoEnableThumbnail\":\"false\",\"overwritePDFOutline\":\"false\",\"direction\":\"1\",\"pageMode\":\"0\",\"source\":\"https:\\\/\\\/www.imsalud.gov.co\\\/web\\\/wp-content\\\/uploads\\\/2023\\\/06\\\/infografia-citologia-como-medio-de-deteccion-temprana-del-cancer-de-cuello-uterino.pdf\",\"wpOptions\":\"true\"}; if(window.DFLIP && DFLIP.parseBooks){DFLIP.parseBooks();}<\/script>\n","protected":false},"excerpt":{"rendered":"","protected":false},"author":19,"featured_media":0,"parent":0,"menu_order":0,"comment_status":"closed","ping_status":"closed","template":"","meta":{"footnotes":""},"class_list":["post-77719","page","type-page","status-publish","hentry"],"_links":{"self":[{"href":"https:\/\/www.imsalud.gov.co\/web\/wp-json\/wp\/v2\/pages\/77719","targetHints":{"allow":["GET"]}}],"collection":[{"href":"https:\/\/www.imsalud.gov.co\/web\/wp-json\/wp\/v2\/pages"}],"about":[{"href":"https:\/\/www.imsalud.gov.co\/web\/wp-json\/wp\/v2\/types\/page"}],"author":[{"embeddable":true,"href":"https:\/\/www.imsalud.gov.co\/web\/wp-json\/wp\/v2\/users\/19"}],"replies":[{"embeddable":true,"href":"https:\/\/www.imsalud.gov.co\/web\/wp-json\/wp\/v2\/comments?post=77719"}],"version-history":[{"count":1,"href":"https:\/\/www.imsalud.gov.co\/web\/wp-json\/wp\/v2\/pages\/77719\/revisions"}],"predecessor-version":[{"id":77722,"href":"https:\/\/www.imsalud.gov.co\/web\/wp-json\/wp\/v2\/pages\/77719\/revisions\/77722"}],"wp:attachment":[{"href":"https:\/\/www.imsalud.gov.co\/web\/wp-json\/wp\/v2\/media?parent=77719"}],"curies":[{"name":"wp","href":"https:\/\/api.w.org\/{rel}","templated":true}]}}