{"id":39287,"date":"2021-07-09T14:37:36","date_gmt":"2021-07-09T19:37:36","guid":{"rendered":"https:\/\/www.imsalud.gov.co\/web\/?page_id=39287"},"modified":"2025-11-07T16:42:38","modified_gmt":"2025-11-07T21:42:38","slug":"administracion-laboral","status":"publish","type":"page","link":"https:\/\/www.imsalud.gov.co\/web\/index\/nosotros\/dependencias\/administracion-laboral\/","title":{"rendered":"Administraci\u00f3n Laboral"},"content":{"rendered":"\n  <div id=\"page-header-732934446\" class=\"page-header-wrapper\">\n  <div class=\"page-title dark featured-title\">\n\n    \n    <div class=\"page-title-inner container align-center text-center flex-row-col medium-flex-wrap\" >\n              <div class=\"title-wrapper uppercase flex-col\">\n          <h1 class=\"entry-title mb-0\">\n            Administraci\u00f3n Laboral          <\/h1>\n        <\/div>\n                    <div class=\"title-content flex-col\">\n        <ul class=\"nav sm-touch-scroll nav-line nav-uppercase text-center nav-center\"><li class=\"nav-single-page hidden\"><\/li><\/ul>      <\/div>\n    <\/div>\n\n     \n<style>\n#page-header-732934446 {\n  margin-bottom: 0px;\n}\n<\/style>\n  <\/div>\n    <\/div>\n  \n\n\t<div id=\"gap-948150517\" class=\"gap-element clearfix\" style=\"display:block; height:auto;\">\n\t\t\n<style>\n#gap-948150517 {\n  padding-top: 30px;\n}\n<\/style>\n\t<\/div>\n\t\n\n<div class=\"row\"  id=\"row-239614446\">\n\n\n\t<div id=\"col-1784571346\" class=\"col small-12 large-12\"  >\n\t\t\t\t<div class=\"col-inner\"  >\n\t\t\t\n\t\t\t\n\n<p>Planear, dirigir y supervisar los procesos relacionados con la gesti\u00f3n del talento humano, garantizando la aplicaci\u00f3n de las pol\u00edticas institucionales, el cumplimiento de la normatividad laboral y el fortalecimiento del clima organizacional para asegurar un personal competente, motivado y comprometido con la calidad en la atenci\u00f3n al usuario.<\/p>\n<div class=\"text-center\"><div class=\"is-divider divider clearfix\" style=\"margin-top:0em;margin-bottom:0em;max-width:100%;height:2px;\"><\/div><\/div>\n\n\n\t\t<\/div>\n\t\t\t\t\t<\/div>\n\n\t\n\n\t<div id=\"col-1066405294\" class=\"col small-12 large-12\"  >\n\t\t\t\t<div class=\"col-inner\"  >\n\t\t\t\n\t\t\t\n\n    <div class=\"box has-hover has-hover box-vertical box-text-bottom\" >\n\n                  <div class=\"box-image image-zoom-long\" style=\"width:37%;\">\n           <div class=\"box-image-inner image-cover\" style=\"border-radius:2%;padding-top:80%;\">\n              <img loading=\"lazy\" decoding=\"async\" width=\"1000\" height=\"1500\" src=\"https:\/\/www.imsalud.gov.co\/web\/wp-content\/uploads\/2025\/11\/Andrea-Foto.webp\" class=\"attachment- size-\" alt=\"\" srcset=\"https:\/\/www.imsalud.gov.co\/web\/wp-content\/uploads\/2025\/11\/Andrea-Foto.webp 1000w, https:\/\/www.imsalud.gov.co\/web\/wp-content\/uploads\/2025\/11\/Andrea-Foto-200x300.webp 200w, https:\/\/www.imsalud.gov.co\/web\/wp-content\/uploads\/2025\/11\/Andrea-Foto-683x1024.webp 683w, https:\/\/www.imsalud.gov.co\/web\/wp-content\/uploads\/2025\/11\/Andrea-Foto-768x1152.webp 768w\" sizes=\"auto, (max-width: 1000px) 100vw, 1000px\" \/>                         <\/div>\n          <\/div>\n         \n          <div class=\"box-text text-left\" >\n                <div class=\"box-text-inner\">\n                  <h4 class=\"uppercase\">\n                    <span class=\"person-name\"><\/span><br\/>\n                    <span class=\"person-title is-small thin-font op-7\">\n                                          <\/span>\n                  <\/h4>\n\t\t\t\t\t\n\n<h2>ANDREA JULIANA PORRAS NAVA<\/h2>\n<p><strong>JEFE DE OFICINA<\/strong><\/p>\n<div class=\"is-divider divider clearfix\" style=\"max-width:64%;height:2px;\"><\/div>\n\n<p>Andrea Juliana Porras Nava, Administradora financiera especialista en Gerencia del Talento Humano, 14 a\u00f1os de experiencia en el sector p\u00fablico.<\/p>\n\n                <\/div>\n          <\/div>\n    <\/div>\n\n\t\n    \n\n\t\t<\/div>\n\t\t\t\t\n<style>\n#col-1066405294 > .col-inner {\n  margin: -20px 0px 0px 0px;\n}\n<\/style>\n\t<\/div>\n\n\t\n\n<\/div>\n<div class=\"row row-small align-center\"  id=\"row-34898513\">\n\n\n\t<div id=\"col-1912826301\" class=\"col medium-4 small-12 large-4\"  >\n\t\t\t\t<div class=\"col-inner\"  >\n\t\t\t\n\t\t\t\n\n<a href=\"mailto:personal@imsalud.gov.co\" target=\"_blank\" class=\"button primary is-outline lowercase expand\" rel=\"noopener\" style=\"border-radius:10px;\">\n\t<i class=\"icon-envelop\" aria-hidden=\"true\"><\/i>\t<span>personal@imsalud.gov.co<\/span>\n\t<\/a>\n\n\n\n\t\t<\/div>\n\t\t\t\t\t<\/div>\n\n\t\n\n\t<div id=\"col-733028364\" class=\"col medium-4 small-12 large-4\"  >\n\t\t\t\t<div class=\"col-inner\"  >\n\t\t\t\n\t\t\t\n\n<a class=\"button primary lowercase expand\" style=\"border-radius:7px;\">\n\t<i class=\"icon-phone\" aria-hidden=\"true\"><\/i>\t<span>+57 607 578 4980 ext: xxx<\/span>\n\t<\/a>\n\n\n\n\t\t<\/div>\n\t\t\t\t\t<\/div>\n\n\t\n\n<\/div>\n\n","protected":false},"excerpt":{"rendered":"","protected":false},"author":19,"featured_media":0,"parent":39284,"menu_order":0,"comment_status":"closed","ping_status":"closed","template":"","meta":{"footnotes":""},"class_list":["post-39287","page","type-page","status-publish","hentry"],"_links":{"self":[{"href":"https:\/\/www.imsalud.gov.co\/web\/wp-json\/wp\/v2\/pages\/39287","targetHints":{"allow":["GET"]}}],"collection":[{"href":"https:\/\/www.imsalud.gov.co\/web\/wp-json\/wp\/v2\/pages"}],"about":[{"href":"https:\/\/www.imsalud.gov.co\/web\/wp-json\/wp\/v2\/types\/page"}],"author":[{"embeddable":true,"href":"https:\/\/www.imsalud.gov.co\/web\/wp-json\/wp\/v2\/users\/19"}],"replies":[{"embeddable":true,"href":"https:\/\/www.imsalud.gov.co\/web\/wp-json\/wp\/v2\/comments?post=39287"}],"version-history":[{"count":2,"href":"https:\/\/www.imsalud.gov.co\/web\/wp-json\/wp\/v2\/pages\/39287\/revisions"}],"predecessor-version":[{"id":112549,"href":"https:\/\/www.imsalud.gov.co\/web\/wp-json\/wp\/v2\/pages\/39287\/revisions\/112549"}],"up":[{"embeddable":true,"href":"https:\/\/www.imsalud.gov.co\/web\/wp-json\/wp\/v2\/pages\/39284"}],"wp:attachment":[{"href":"https:\/\/www.imsalud.gov.co\/web\/wp-json\/wp\/v2\/media?parent=39287"}],"curies":[{"name":"wp","href":"https:\/\/api.w.org\/{rel}","templated":true}]}}