{"id":112467,"date":"2025-11-07T10:54:12","date_gmt":"2025-11-07T15:54:12","guid":{"rendered":"https:\/\/www.imsalud.gov.co\/web\/?page_id=112467"},"modified":"2025-11-07T11:36:41","modified_gmt":"2025-11-07T16:36:41","slug":"gerencia","status":"publish","type":"page","link":"https:\/\/www.imsalud.gov.co\/web\/index\/nosotros\/dependencias\/gerencia\/","title":{"rendered":"Gerencia"},"content":{"rendered":"\n  <div id=\"page-header-53940233\" class=\"page-header-wrapper\">\n  <div class=\"page-title dark featured-title\">\n\n    \n    <div class=\"page-title-inner container align-center text-center flex-row-col medium-flex-wrap\" >\n              <div class=\"title-wrapper uppercase flex-col\">\n          <h1 class=\"entry-title mb-0\">\n            Gerencia          <\/h1>\n        <\/div>\n                    <div class=\"title-content flex-col\">\n        <ul class=\"nav sm-touch-scroll nav-line nav-uppercase text-center nav-center\"><li class=\"nav-single-page hidden\"><\/li><\/ul>      <\/div>\n    <\/div>\n\n     \n<style>\n#page-header-53940233 {\n  margin-bottom: 0px;\n}\n<\/style>\n  <\/div>\n    <\/div>\n  \n\n\t<div id=\"gap-1412118568\" class=\"gap-element clearfix\" style=\"display:block; height:auto;\">\n\t\t\n<style>\n#gap-1412118568 {\n  padding-top: 30px;\n}\n<\/style>\n\t<\/div>\n\t\n\n<div class=\"row\"  id=\"row-1015947454\">\n\n\n\t<div id=\"col-996593391\" class=\"col small-12 large-12\"  >\n\t\t\t\t<div class=\"col-inner\"  >\n\t\t\t\n\t\t\t\n\n<p>El \u00e1rea de Gerencia de la ESE Imsalud lidera la gesti\u00f3n estrat\u00e9gica, administrativa y operativa de la entidad, garantizando el cumplimiento de su misi\u00f3n de brindar servicios de salud de primer nivel con calidad, humanizaci\u00f3n y accesibilidad.<\/p>\n<p>Desde la Gerencia se impulsa la planificaci\u00f3n institucional, la optimizaci\u00f3n de los recursos y el fortalecimiento del talento humano, promoviendo una atenci\u00f3n centrada en las personas y orientada al bienestar integral de la comunidad cucute\u00f1a.<\/p>\n<div class=\"text-center\"><div class=\"is-divider divider clearfix\" style=\"margin-top:0em;margin-bottom:0em;max-width:100%;height:2px;\"><\/div><\/div>\n\n\n\t\t<\/div>\n\t\t\t\t\t<\/div>\n\n\t\n\n\t<div id=\"col-1993395072\" class=\"col small-12 large-12\"  >\n\t\t\t\t<div class=\"col-inner\"  >\n\t\t\t\n\t\t\t\n\n    <div class=\"box has-hover has-hover box-vertical box-text-bottom\" >\n\n                  <div class=\"box-image image-zoom-long\" style=\"width:37%;\">\n           <div class=\"box-image-inner image-cover\" style=\"border-radius:2%;padding-top:165%;\">\n              <img loading=\"lazy\" decoding=\"async\" width=\"1000\" height=\"1500\" src=\"https:\/\/www.imsalud.gov.co\/web\/wp-content\/uploads\/2025\/11\/Fotografia-Gerente.webp\" class=\"attachment- size-\" alt=\"\" srcset=\"https:\/\/www.imsalud.gov.co\/web\/wp-content\/uploads\/2025\/11\/Fotografia-Gerente.webp 1000w, https:\/\/www.imsalud.gov.co\/web\/wp-content\/uploads\/2025\/11\/Fotografia-Gerente-200x300.webp 200w, https:\/\/www.imsalud.gov.co\/web\/wp-content\/uploads\/2025\/11\/Fotografia-Gerente-683x1024.webp 683w, https:\/\/www.imsalud.gov.co\/web\/wp-content\/uploads\/2025\/11\/Fotografia-Gerente-768x1152.webp 768w\" sizes=\"auto, (max-width: 1000px) 100vw, 1000px\" \/>                         <\/div>\n          <\/div>\n         \n          <div class=\"box-text text-left\" >\n                <div class=\"box-text-inner\">\n                  <h4 class=\"uppercase\">\n                    <span class=\"person-name\"><\/span><br\/>\n                    <span class=\"person-title is-small thin-font op-7\">\n                                          <\/span>\n                  <\/h4>\n\t\t\t\t\t\n\n<h2>JAVIER ORLANDO PRIETO PE\u00d1A<\/h2>\n<p><strong>GERENTE<\/strong><\/p>\n<p>\n<div class=\"is-divider divider clearfix\" style=\"max-width:64%;height:2px;\"><\/div>\n\n<p>Pocos profesionales logran alcanzar la excelencia en el servicio a la sociedad nortesantandereana; uno de ellos es Javier Orlando Prieto Pe\u00f1a, Odont\u00f3logo egresado de la Pontificia Universidad Javeriana (1987), Especialista en Gerencia de Servicios de Salud (Universidad Libre, 1998), con estudios en Gesti\u00f3n P\u00fablica y Gobierno Municipal (ESAP, 2010) y formaci\u00f3n internacional en ingl\u00e9s (Zoni International Institute, Nueva York).<br \/>Su trayectoria profesional se ha caracterizado por un liderazgo s\u00f3lido y un compromiso permanente con la gesti\u00f3n p\u00fablica y la salud de la regi\u00f3n:<br \/>Concejal de San Jos\u00e9 de C\u00facuta (1998\u20132011) por cuatro periodos consecutivos. Fue elegido presidente del Concejo en cuatro ocasiones y reconocido como Joven Ejecutivo Sobresaliente 2003 por su liderazgo pol\u00edtico y servicio gubernamental.<br \/>Director del Instituto Departamental de Salud de Norte de Santander (2012\u20132015): lider\u00f3 el saneamiento fiscal y financiero de las E.S.E. del orden territorial, consolid\u00f3 la red hospitalaria departamental y promovi\u00f3 la apertura de la UCI de Pamplona.<br \/>\nAdem\u00e1s, implement\u00f3 pol\u00edticas p\u00fablicas en salud y fue pionero en la respuesta ante enfermedades emergentes como zika y chikungu\u00f1a.<br \/>Asesor del Senado de la Rep\u00fablica, donde contribuy\u00f3 a la formulaci\u00f3n de proyectos de ley y consultor\u00edas en materia de salud p\u00fablica.<br \/>Con una trayectoria marcada por la transparencia, la gesti\u00f3n eficiente y la vocaci\u00f3n de servicio, su liderazgo al frente de la ESE Imsalud reafirma el compromiso institucional con una atenci\u00f3n en salud de calidad, humana y cercana a la comunidad.<\/p>\n\n\n                <\/div>\n          <\/div>\n    <\/div>\n\n\t\n    \n\n\t\t<\/div>\n\t\t\t\t\n<style>\n#col-1993395072 > .col-inner {\n  margin: -20px 0px 0px 0px;\n}\n<\/style>\n\t<\/div>\n\n\t\n\n<\/div>\n<div class=\"row row-small align-center\"  id=\"row-646692523\">\n\n\n\t<div id=\"col-1763654347\" class=\"col medium-4 small-12 large-4\"  >\n\t\t\t\t<div class=\"col-inner\"  >\n\t\t\t\n\t\t\t\n\n<a href=\"mailto:gerencia@imsalud.gov.co\" target=\"_blank\" class=\"button primary is-outline lowercase expand\" rel=\"noopener\" style=\"border-radius:10px;\">\n\t<i class=\"icon-envelop\" aria-hidden=\"true\"><\/i>\t<span>gerencia@imsalud.gov.co<\/span>\n\t<\/a>\n\n\n\n\t\t<\/div>\n\t\t\t\t\t<\/div>\n\n\t\n\n\t<div id=\"col-1332657576\" class=\"col medium-4 small-12 large-4\"  >\n\t\t\t\t<div class=\"col-inner\"  >\n\t\t\t\n\t\t\t\n\n<a class=\"button primary lowercase expand\" style=\"border-radius:7px;\">\n\t<i class=\"icon-phone\" aria-hidden=\"true\"><\/i>\t<span>+57 607 578 4980 ext: xxx<\/span>\n\t<\/a>\n\n\n\n\t\t<\/div>\n\t\t\t\t\t<\/div>\n\n\t\n\n<\/div>\n\n","protected":false},"excerpt":{"rendered":"","protected":false},"author":35,"featured_media":0,"parent":39284,"menu_order":0,"comment_status":"closed","ping_status":"closed","template":"","meta":{"footnotes":""},"class_list":["post-112467","page","type-page","status-publish","hentry"],"_links":{"self":[{"href":"https:\/\/www.imsalud.gov.co\/web\/wp-json\/wp\/v2\/pages\/112467","targetHints":{"allow":["GET"]}}],"collection":[{"href":"https:\/\/www.imsalud.gov.co\/web\/wp-json\/wp\/v2\/pages"}],"about":[{"href":"https:\/\/www.imsalud.gov.co\/web\/wp-json\/wp\/v2\/types\/page"}],"author":[{"embeddable":true,"href":"https:\/\/www.imsalud.gov.co\/web\/wp-json\/wp\/v2\/users\/35"}],"replies":[{"embeddable":true,"href":"https:\/\/www.imsalud.gov.co\/web\/wp-json\/wp\/v2\/comments?post=112467"}],"version-history":[{"count":10,"href":"https:\/\/www.imsalud.gov.co\/web\/wp-json\/wp\/v2\/pages\/112467\/revisions"}],"predecessor-version":[{"id":112492,"href":"https:\/\/www.imsalud.gov.co\/web\/wp-json\/wp\/v2\/pages\/112467\/revisions\/112492"}],"up":[{"embeddable":true,"href":"https:\/\/www.imsalud.gov.co\/web\/wp-json\/wp\/v2\/pages\/39284"}],"wp:attachment":[{"href":"https:\/\/www.imsalud.gov.co\/web\/wp-json\/wp\/v2\/media?parent=112467"}],"curies":[{"name":"wp","href":"https:\/\/api.w.org\/{rel}","templated":true}]}}

<div id="page-header-53940233" class="page-header-wrapper">
  <div class="page-title dark featured-title">

    
    <div class="page-title-inner container align-center text-center flex-row-col medium-flex-wrap" >
              <div class="title-wrapper uppercase flex-col">
          <h1 class="entry-title mb-0">
            Gerencia          </h1>
        </div>
                    <div class="title-content flex-col">
        <ul class="nav sm-touch-scroll nav-line nav-uppercase text-center nav-center"><li class="nav-single-page hidden"></li></ul>      </div>
    </div>

     
<style>
#page-header-53940233 {
  margin-bottom: 0px;
}
</style>
  </div>
    </div>
  

	<div id="gap-1412118568" class="gap-element clearfix" style="display:block; height:auto;">
		
<style>
#gap-1412118568 {
  padding-top: 30px;
}
</style>
	</div>
	

<div class="row"  id="row-1015947454">


	<div id="col-996593391" class="col small-12 large-12"  >
				<div class="col-inner"  >
			
			

<p>El área de Gerencia de la ESE Imsalud lidera la gestión estratégica, administrativa y operativa de la entidad, garantizando el cumplimiento de su misión de brindar servicios de salud de primer nivel con calidad, humanización y accesibilidad.</p>
<p>Desde la Gerencia se impulsa la planificación institucional, la optimización de los recursos y el fortalecimiento del talento humano, promoviendo una atención centrada en las personas y orientada al bienestar integral de la comunidad cucuteña.</p>
<div class="text-center"><div class="is-divider divider clearfix" style="margin-top:0em;margin-bottom:0em;max-width:100%;height:2px;"></div></div>


		</div>
					</div>

	

	<div id="col-1993395072" class="col small-12 large-12"  >
				<div class="col-inner"  >
			
			

    <div class="box has-hover has-hover box-vertical box-text-bottom" >

                  <div class="box-image image-zoom-long" style="width:37%;">
           <div class="box-image-inner image-cover" style="border-radius:2%;padding-top:165%;">
              <img loading="lazy" decoding="async" width="1000" height="1500" src="https://www.imsalud.gov.co/web/wp-content/uploads/2025/11/Fotografia-Gerente.webp" class="attachment- size-" alt="" srcset="https://www.imsalud.gov.co/web/wp-content/uploads/2025/11/Fotografia-Gerente.webp 1000w, https://www.imsalud.gov.co/web/wp-content/uploads/2025/11/Fotografia-Gerente-200x300.webp 200w, https://www.imsalud.gov.co/web/wp-content/uploads/2025/11/Fotografia-Gerente-683x1024.webp 683w, https://www.imsalud.gov.co/web/wp-content/uploads/2025/11/Fotografia-Gerente-768x1152.webp 768w" sizes="auto, (max-width: 1000px) 100vw, 1000px" />                         </div>
          </div>
         
          <div class="box-text text-left" >
                <div class="box-text-inner">
                  <h4 class="uppercase">
                    <span class="person-name"></span><br/>
                    <span class="person-title is-small thin-font op-7">
                                          </span>
                  </h4>
					

<h2>JAVIER ORLANDO PRIETO PEÑA</h2>
<p><strong>GERENTE</strong></p>
<p>
<div class="is-divider divider clearfix" style="max-width:64%;height:2px;"></div>

<p>Pocos profesionales logran alcanzar la excelencia en el servicio a la sociedad nortesantandereana; uno de ellos es Javier Orlando Prieto Peña, Odontólogo egresado de la Pontificia Universidad Javeriana (1987), Especialista en Gerencia de Servicios de Salud (Universidad Libre, 1998), con estudios en Gestión Pública y Gobierno Municipal (ESAP, 2010) y formación internacional en inglés (Zoni International Institute, Nueva York).<br />Su trayectoria profesional se ha caracterizado por un liderazgo sólido y un compromiso permanente con la gestión pública y la salud de la región:<br />Concejal de San José de Cúcuta (1998–2011) por cuatro periodos consecutivos. Fue elegido presidente del Concejo en cuatro ocasiones y reconocido como Joven Ejecutivo Sobresaliente 2003 por su liderazgo político y servicio gubernamental.<br />Director del Instituto Departamental de Salud de Norte de Santander (2012–2015): lideró el saneamiento fiscal y financiero de las E.S.E. del orden territorial, consolidó la red hospitalaria departamental y promovió la apertura de la UCI de Pamplona.<br />
Además, implementó políticas públicas en salud y fue pionero en la respuesta ante enfermedades emergentes como zika y chikunguña.<br />Asesor del Senado de la República, donde contribuyó a la formulación de proyectos de ley y consultorías en materia de salud pública.<br />Con una trayectoria marcada por la transparencia, la gestión eficiente y la vocación de servicio, su liderazgo al frente de la ESE Imsalud reafirma el compromiso institucional con una atención en salud de calidad, humana y cercana a la comunidad.</p>


                </div>
          </div>
    </div>

	
    

		</div>
				
<style>
#col-1993395072 > .col-inner {
  margin: -20px 0px 0px 0px;
}
</style>
	</div>

	

</div>
<div class="row row-small align-center"  id="row-646692523">


	<div id="col-1763654347" class="col medium-4 small-12 large-4"  >
				<div class="col-inner"  >
			
			

<a href="mailto:gerencia@imsalud.gov.co" target="_blank" class="button primary is-outline lowercase expand" rel="noopener" style="border-radius:10px;">
	<i class="icon-envelop" aria-hidden="true"></i>	<span>gerencia@imsalud.gov.co</span>
	</a>



		</div>
					</div>

	

	<div id="col-1332657576" class="col medium-4 small-12 large-4"  >
				<div class="col-inner"  >
			
			

<a class="button primary lowercase expand" style="border-radius:7px;">
	<i class="icon-phone" aria-hidden="true"></i>	<span>+57 607 578 4980 ext: xxx</span>
	</a>



		</div>
					</div>

	

</div>
