{"id":100105,"date":"2024-10-28T09:45:49","date_gmt":"2024-10-28T14:45:49","guid":{"rendered":"https:\/\/www.imsalud.gov.co\/web\/?page_id=100105"},"modified":"2024-10-28T10:11:43","modified_gmt":"2024-10-28T15:11:43","slug":"informe-de-encuestas-de-satisfaccion","status":"publish","type":"page","link":"https:\/\/www.imsalud.gov.co\/web\/participa\/informe-de-encuestas-de-satisfaccion\/","title":{"rendered":"Informe de encuestas de satisfacci\u00f3n"},"content":{"rendered":"\n  <div class=\"banner has-hover\" id=\"banner-1234935260\">\n          <div class=\"banner-inner fill\">\n        <div class=\"banner-bg fill\" >\n                                                \n                    <\/div>\n\t\t\n        <div class=\"banner-layers container\">\n            <div class=\"fill banner-link\"><\/div>            \n   <div id=\"text-box-1628573461\" class=\"text-box banner-layer x50 md-x50 lg-x50 y50 md-y50 lg-y50 res-text\">\n                                <div class=\"text-box-content text dark\">\n              \n              <div class=\"text-inner text-center\">\n                  \n<h3 class=\"uppercase\"><strong>informes ENCUESTAS DE SATISFACCI\u00d3N<\/strong><\/h3>\n<p>Encuestas de satisfacci\u00f3n elaboradas por la oficina de Informaci\u00f3n y atenci\u00f3n al usuario (SIAU)<\/p>\n              <\/div>\n           <\/div>\n                            \n<style>\n#text-box-1628573461 {\n  width: 60%;\n}\n#text-box-1628573461 .text-box-content {\n  font-size: 100%;\n}\n<\/style>\n    <\/div>\n \n        <\/div>\n      <\/div>\n\n            \n<style>\n#banner-1234935260 {\n  padding-top: 244px;\n  background-color: rgb(65, 151, 198);\n}\n@media (min-width:550px) {\n  #banner-1234935260 {\n    padding-top: 200px;\n  }\n}\n<\/style>\n  <\/div>\n\n\n\t<div id=\"gap-904445385\" class=\"gap-element clearfix\" style=\"display:block; height:auto;\">\n\t\t\n<style>\n#gap-904445385 {\n  padding-top: 30px;\n}\n<\/style>\n\t<\/div>\n\t\n\t<div id=\"gap-1089543346\" class=\"gap-element clearfix\" style=\"display:block; height:auto;\">\n\t\t\n<style>\n#gap-1089543346 {\n  padding-top: 30px;\n}\n<\/style>\n\t<\/div>\n\t\n\n<table id=\"tablepress-80\" class=\"tablepress tablepress-id-80\">\n<thead>\n<tr class=\"row-1\">\n\t<th class=\"column-1\">A\u00f1o<\/th><th class=\"column-2\">Trimestre<\/th><th class=\"column-3\">Descargar<\/th><th class=\"column-4\">Fecha de publicaci\u00f3n<\/th>\n<\/tr>\n<\/thead>\n<tbody class=\"row-striping row-hover\">\n<tr class=\"row-2\">\n\t<td class=\"column-1\">2025<\/td><td class=\"column-2\">4<\/td><td class=\"column-3\"><a href=\"https:\/\/www.imsalud.gov.co\/web\/wp-content\/uploads\/2026\/04\/informe-de-satisfaccion-CUARTO-TRIMESTRE-2025.pdf\" target=\"_blank\" rel=\"noopener noreferrer\"><img loading=\"lazy\" decoding=\"async\" src=\"https:\/\/www.imsalud.gov.co\/web\/wp-content\/uploads\/2020\/09\/descarga.png\" alt=\"\" width=\"40\" height=\"40\" class=\"alignnone size-full wp-image-30401\" \/><\/a><\/td><td class=\"column-4\">2026-04-10<\/td>\n<\/tr>\n<tr class=\"row-3\">\n\t<td class=\"column-1\">2025<\/td><td class=\"column-2\">3<\/td><td class=\"column-3\"><a href=\"https:\/\/www.imsalud.gov.co\/web\/wp-content\/uploads\/2026\/02\/informe-de-satisfaccion-TERCER-TRIMESTRE-2025.pdf\" target=\"_blank\" rel=\"noopener noreferrer\"><img loading=\"lazy\" decoding=\"async\" src=\"https:\/\/www.imsalud.gov.co\/web\/wp-content\/uploads\/2020\/09\/descarga.png\" alt=\"\" width=\"40\" height=\"40\" class=\"alignnone size-full wp-image-30401\" \/><\/a><\/td><td class=\"column-4\">2026-02-24<\/td>\n<\/tr>\n<tr class=\"row-4\">\n\t<td class=\"column-1\">2025<\/td><td class=\"column-2\">2<\/td><td class=\"column-3\"><a href=\"https:\/\/www.imsalud.gov.co\/web\/wp-content\/uploads\/2025\/07\/informe-de-satisfaccion-SEGUNDO-TRIMESTRE-2025.pdf\" target=\"_blank\" rel=\"noopener noreferrer\"><img loading=\"lazy\" decoding=\"async\" src=\"https:\/\/www.imsalud.gov.co\/web\/wp-content\/uploads\/2020\/09\/descarga.png\" alt=\"\" width=\"40\" height=\"40\" class=\"alignnone size-full wp-image-30401\" \/><\/a><\/td><td class=\"column-4\">2025-07-11<\/td>\n<\/tr>\n<tr class=\"row-5\">\n\t<td class=\"column-1\">2025<\/td><td class=\"column-2\">1<\/td><td class=\"column-3\"><a href=\"https:\/\/www.imsalud.gov.co\/web\/wp-content\/uploads\/2025\/07\/informe-de-satisfaccion-PRIMER-TRIMESTRE.-firmado.pdf\" target=\"_blank\" rel=\"noopener noreferrer\"><img loading=\"lazy\" decoding=\"async\" src=\"https:\/\/www.imsalud.gov.co\/web\/wp-content\/uploads\/2020\/09\/descarga.png\" alt=\"\" width=\"40\" height=\"40\" class=\"alignnone size-full wp-image-30401\" \/><\/a><\/td><td class=\"column-4\">2025-07-11<\/td>\n<\/tr>\n<tr class=\"row-6\">\n\t<td class=\"column-1\">2024<\/td><td class=\"column-2\">4<\/td><td class=\"column-3\"><a href=\"https:\/\/www.imsalud.gov.co\/web\/wp-content\/uploads\/2025\/01\/INFORME_CUARTO__TRIMESTRE_DE_SATISFACCION_2024.pdf\" target=\"_blank\" rel=\"noopener noreferrer\"><img loading=\"lazy\" decoding=\"async\" src=\"https:\/\/www.imsalud.gov.co\/web\/wp-content\/uploads\/2020\/09\/descarga.png\" alt=\"\" width=\"40\" height=\"40\" class=\"alignnone size-full wp-image-30401\" \/><\/a><\/td><td class=\"column-4\">2025-01-16<\/td>\n<\/tr>\n<tr class=\"row-7\">\n\t<td class=\"column-1\">2024<\/td><td class=\"column-2\">3<\/td><td class=\"column-3\"><a href=\"https:\/\/www.imsalud.gov.co\/web\/wp-content\/uploads\/2024\/11\/INFORME-TERCER-TRIMESTRE-DE-SATISFACCION-3.pdf\" target=\"_blank\" rel=\"noopener noreferrer\"><img loading=\"lazy\" decoding=\"async\" src=\"https:\/\/www.imsalud.gov.co\/web\/wp-content\/uploads\/2020\/09\/descarga.png\" alt=\"\" width=\"40\" height=\"40\" class=\"alignnone size-full wp-image-30401\" \/><\/a><\/td><td class=\"column-4\">2024-11-07<\/td>\n<\/tr>\n<tr class=\"row-8\">\n\t<td class=\"column-1\">2024<\/td><td class=\"column-2\">2<\/td><td class=\"column-3\"><a href=\"https:\/\/www.imsalud.gov.co\/web\/wp-content\/uploads\/2024\/11\/INFORME-SEGUNDO-TRIMESTRE-DE-SATISFACCION-2024.pdf\" target=\"_blank\" rel=\"noopener noreferrer\"><img loading=\"lazy\" decoding=\"async\" src=\"https:\/\/www.imsalud.gov.co\/web\/wp-content\/uploads\/2020\/09\/descarga.png\" alt=\"\" width=\"40\" height=\"40\" class=\"alignnone size-full wp-image-30401\" \/><\/a><\/td><td class=\"column-4\">2024-11-07<\/td>\n<\/tr>\n<tr class=\"row-9\">\n\t<td class=\"column-1\">2024<\/td><td class=\"column-2\">1<\/td><td class=\"column-3\"><a href=\"https:\/\/www.imsalud.gov.co\/web\/wp-content\/uploads\/2024\/10\/INFORME-PRIMER-TRIMESTRE-DE-SATISFACCION-2024.pdf\" target=\"_blank\" rel=\"noopener noreferrer\"><img loading=\"lazy\" decoding=\"async\" src=\"https:\/\/www.imsalud.gov.co\/web\/wp-content\/uploads\/2020\/09\/descarga.png\" alt=\"\" width=\"40\" height=\"40\" class=\"alignnone size-full wp-image-30401\" \/><\/a><\/td><td class=\"column-4\">2024-04-01<\/td>\n<\/tr>\n<tr class=\"row-10\">\n\t<td class=\"column-1\">2023<\/td><td class=\"column-2\">4<\/td><td class=\"column-3\"><a href=\"https:\/\/www.imsalud.gov.co\/web\/wp-content\/uploads\/2024\/10\/INFORME-CUARTO-TRIMESTRE-DE-SATISFACCION-2023.pdf\" target=\"_blank\" rel=\"noopener noreferrer\"><img loading=\"lazy\" decoding=\"async\" src=\"https:\/\/www.imsalud.gov.co\/web\/wp-content\/uploads\/2020\/09\/descarga.png\" alt=\"\" width=\"40\" height=\"40\" class=\"alignnone size-full wp-image-30401\" \/><\/a><\/td><td class=\"column-4\">2023-12-29<\/td>\n<\/tr>\n<tr class=\"row-11\">\n\t<td class=\"column-1\">2023<\/td><td class=\"column-2\">3<\/td><td class=\"column-3\"><a href=\"https:\/\/www.imsalud.gov.co\/web\/wp-content\/uploads\/2024\/10\/INFORME-TERCER-TRIMESTRE-DE-SATISFACCION-2023.pdf\" target=\"_blank\" rel=\"noopener noreferrer\"><img loading=\"lazy\" decoding=\"async\" src=\"https:\/\/www.imsalud.gov.co\/web\/wp-content\/uploads\/2020\/09\/descarga.png\" alt=\"\" width=\"40\" height=\"40\" class=\"alignnone size-full wp-image-30401\" \/><\/a><\/td><td class=\"column-4\">2023-10-02<\/td>\n<\/tr>\n<tr class=\"row-12\">\n\t<td class=\"column-1\">2023<\/td><td class=\"column-2\">2<\/td><td class=\"column-3\"><a href=\"https:\/\/www.imsalud.gov.co\/web\/wp-content\/uploads\/2024\/10\/INFORME-SEGUNDO-TRIMESTRE-DE-SATISFACCION-2023.pdf\" target=\"_blank\" rel=\"noopener noreferrer\"><img loading=\"lazy\" decoding=\"async\" src=\"https:\/\/www.imsalud.gov.co\/web\/wp-content\/uploads\/2020\/09\/descarga.png\" alt=\"\" width=\"40\" height=\"40\" class=\"alignnone size-full wp-image-30401\" \/><\/a><\/td><td class=\"column-4\">2023-06-30<\/td>\n<\/tr>\n<tr class=\"row-13\">\n\t<td class=\"column-1\">2023<\/td><td class=\"column-2\">1<\/td><td class=\"column-3\"><a href=\"https:\/\/www.imsalud.gov.co\/web\/wp-content\/uploads\/2024\/10\/INFORME-PRIMER-TRIMESTRE-DE-SATISFACCION-2023.pdf\" target=\"_blank\" rel=\"noopener noreferrer\"><img loading=\"lazy\" decoding=\"async\" src=\"https:\/\/www.imsalud.gov.co\/web\/wp-content\/uploads\/2020\/09\/descarga.png\" alt=\"\" width=\"40\" height=\"40\" class=\"alignnone size-full wp-image-30401\" \/><\/a><\/td><td class=\"column-4\">2023-03-30<\/td>\n<\/tr>\n<\/tbody>\n<\/table>\n<!-- #tablepress-80 from cache -->\n","protected":false},"excerpt":{"rendered":"","protected":false},"author":19,"featured_media":0,"parent":38158,"menu_order":0,"comment_status":"closed","ping_status":"closed","template":"","meta":{"footnotes":""},"class_list":["post-100105","page","type-page","status-publish","hentry"],"_links":{"self":[{"href":"https:\/\/www.imsalud.gov.co\/web\/wp-json\/wp\/v2\/pages\/100105","targetHints":{"allow":["GET"]}}],"collection":[{"href":"https:\/\/www.imsalud.gov.co\/web\/wp-json\/wp\/v2\/pages"}],"about":[{"href":"https:\/\/www.imsalud.gov.co\/web\/wp-json\/wp\/v2\/types\/page"}],"author":[{"embeddable":true,"href":"https:\/\/www.imsalud.gov.co\/web\/wp-json\/wp\/v2\/users\/19"}],"replies":[{"embeddable":true,"href":"https:\/\/www.imsalud.gov.co\/web\/wp-json\/wp\/v2\/comments?post=100105"}],"version-history":[{"count":3,"href":"https:\/\/www.imsalud.gov.co\/web\/wp-json\/wp\/v2\/pages\/100105\/revisions"}],"predecessor-version":[{"id":100109,"href":"https:\/\/www.imsalud.gov.co\/web\/wp-json\/wp\/v2\/pages\/100105\/revisions\/100109"}],"up":[{"embeddable":true,"href":"https:\/\/www.imsalud.gov.co\/web\/wp-json\/wp\/v2\/pages\/38158"}],"wp:attachment":[{"href":"https:\/\/www.imsalud.gov.co\/web\/wp-json\/wp\/v2\/media?parent=100105"}],"curies":[{"name":"wp","href":"https:\/\/api.w.org\/{rel}","templated":true}]}}